mon factor of 1173 and 49547979?
51
Calculate the highest common factor of 441391 and 324754.
2287
What is the greatest common factor of 3334432 and 467680?
2528
Calculate the greatest common divisor of 196126 and 27370.
14
What is the greatest common divisor of 52299 and 1055808?
351
What is the highest common divisor of 6236996 and 328?
4
Calculate the greatest common factor of 149079 and 27267030.
4809
Calculate the highest common factor of 32946 and 2361738.
114
Calculate the highest common divisor of 490 and 3229390.
10
What is the greatest common divisor of 19712 and 73997?
77
What is the highest common divisor of 8045653 and 4048?
253
Calculate the greatest common factor of 61038315 and 78.
39
Calculate the highest common factor of 176638 and 51513.
77
What is the greatest common factor of 114138 and 821346?
2238
What is the greatest common divisor of 40 and 10279656?
8
What is the highest common divisor of 26156934 and 36?
18
Calculate the highest common divisor of 143 and 87055943.
13
What is the highest common divisor of 12015402 and 84?
42
What is the greatest common divisor of 6312671491 and 259?
259
What is the greatest common factor of 1890080 and 25?
5
What is the greatest common factor of 14301915 and 16485?
2355
Calculate the highest common factor of 44 and 1043317946.
22
Calculate the greatest common divisor of 389277 and 3330.
333
Calculate the highest common factor of 948440 and 3123040.
5240
What is the highest common divisor of 19075 and 43600?
2725
Calculate the highest common factor of 184 and 2298608.
8
What is the greatest common divisor of 1906956 and 1908?
36
What is the greatest common divisor of 572 and 823792684?
572
What is the highest common divisor of 102894 and 601774?
3118
What is the highest common factor of 257928 and 233112?
264
What is the greatest common divisor of 58 and 19730498?
58
Calculate the highest common divisor of 8 and 195980232.
8
Calculate the greatest common factor of 779147 and 156449.
1549
Calculate the greatest common divisor of 24 and 280590108.
12
What is the highest common factor of 109103914 and 62268?
10378
Calculate the greatest common divisor of 29304315 and 270.
135
What is the highest common factor of 7037415 and 2310?
1155
Calculate the highest common factor of 75144 and 1788.
12
What is the greatest common factor of 35843 and 70007?
73
Calculate the highest common factor of 617764 and 24024.
28
What is the greatest common divisor of 877478396 and 292?
292
Calculate the highest common factor of 2014090470 and 1530.
1530
What is the highest common divisor of 26 and 19714227?
13
Calculate the greatest common factor of 6030981 and 2475.
99
What is the highest common divisor of 796998130 and 19?
19
Calculate the highest common factor of 2150 and 85960440.
430
What is the greatest common divisor of 201 and 18130803?
201
Calculate the highest common divisor of 3852 and 85451484.
1284
What is the greatest common divisor of 19077814 and 182?
14
What is the highest common divisor of 1152780 and 36070?
10
Calculate the greatest common factor of 238 and 4141361.
7
What is the greatest common divisor of 1638 and 41899676?
182
Calculate the greatest common factor of 5859 and 144459.
63
Calculate the highest common divisor of 684 and 402832566.
342
What is the highest common factor of 44061428 and 187188?
3284
What is the highest common factor of 3506 and 101605633?
1753
What is the highest common divisor of 3039025 and 571825?
6425
Calculate the greatest common divisor of 255 and 209949235.
85
Calculate the greatest common divisor of 563805 and 240570.
495
What is the highest common factor of 592 and 9949488?
16
What is the greatest common factor of 31629442 and 78?
26
What is the greatest common factor of 11879212 and 116?
116
Calculate the greatest common divisor of 666 and 10387269.
333
What is the greatest common divisor of 24427 and 1948523?
1879
What is the greatest common divisor of 55477 and 28304?
29
What is the greatest common divisor of 56078 and 154?
22
What is the highest common factor of 11311972 and 56?
28
What is the greatest common factor of 688 and 15983014?
86
What is the greatest common divisor of 1633253 and 69?
23
Calculate the highest common factor of 474 and 305682.
6
What is the greatest common divisor of 19438364 and 56947?
341
Calculate the highest common divisor of 744 and 77935488.
744
What is the highest common divisor of 241990 and 9800?
70
What is the greatest common divisor of 4426075 and 275?
25
What is the highest common factor of 41062 and 7154?
98
What is the highest common factor of 4420 and 69710?
10
What is the greatest common factor of 11745 and 9813555?
405
Calculate the highest common divisor of 15009188 and 29998.
566
What is the highest common factor of 574893480 and 105?
105
Calculate the greatest common divisor of 2751 and 6114687.
393
Calculate the greatest common factor of 420016 and 14.
2
Calculate the highest common factor of 10586 and 150482.
134
What is the highest common factor of 281037440 and 64?
64
Calculate the greatest common factor of 47367 and 32013.
9
What is the greatest common factor of 69 and 89380300?
23
Calculate the highest common divisor of 18 and 24576222.
6
Calculate the greatest common factor of 1510666453 and 73.
73
Calculate the greatest common factor of 10313373 and 56.
7
What is the greatest common factor of 18915 and 48090?
15
What is the highest common factor of 4810 and 5830?
10
What is the greatest common factor of 3618169 and 16309?
347
What is the greatest common divisor of 3595173 and 201?
3
What is the greatest common divisor of 7470 and 5138115?
1245
What is the greatest common factor of 42864 and 58399521?
2679
Calculate the highest common divisor of 19767 and 900788779.
6589
What is the highest common factor of 4362 and 37881789?
2181
What is the highest common divisor of 39 and 264663?
3
What is the greatest common divisor of 153 and 28593354?
51
Calculate the highest common divisor of 24280 and 8560.
40
What is the highest common factor of 5320313 and 2616663?
2351
What is the highest common factor of 749 and 3811019?
107
Calculate the highest common divisor of 1851648 and 7080.
24
Calculate the highest common divisor of 15472728 and 432.
216
Calculate the highest common divisor of 153855 and 645957.
117
What is the greatest common divisor of 45947106 and 5922?
846
Calculate the greatest common divisor of 1110119 and 9104.
569
Calculate the greatest common divisor of 1127 and 13070785.
161
Calculate the greatest common factor of 97966880 and 5280.
1760
What is the greatest common factor of 100402657 and 613?
613
Calculate the highest common divisor of 339147 and 26447.
53
What is the greatest common factor of 2256 and 383216?
16
Calculate the highest common divisor of 680 and 47707100.
340
What is the greatest common divisor of 239171832 and 18?
18
Calculate the highest common factor of 216 and 1434696.
24
What is the highest common factor of 2709 and 16470?
9
Calculate the highest common divisor of 95401166 and 78926.
2546
What is the greatest common divisor of 9586073 and 3619?
329
Calculate the greatest common divisor of 77424 and 22854597.
4839
Calculate the highest common factor of 5994 and 1680835482.
1998
Calculate the greatest common factor of 5103826 and 609.
203
What is the greatest common factor of 1402618542 and 586?
586
What is the greatest common factor of 168 and 5711640?
24
Calculate the greatest common factor of 45459856 and 481.
13
What is the greatest common factor of 605448 and 1128?
24
Calculate the greatest common divisor of 1911 and 887211.
39
Calculate the greatest common factor of 149427 and 5184.
9
What is the greatest common factor of 28224 and 46634868?
1764
Calculate the greatest common divisor of 10695 and 8235840.
345
Calculate the greatest common divisor of 2195522 and 434.
14
What is the greatest common divisor of 6336 and 40901696?
704
Calculate the highest common divisor of 606338 and 3869.
73
What is the highest common divisor of 657 and 2205382779?
657
Calculate the highest common factor of 344 and 28324616.
344
Calculate the highest common factor of 160045006 and 1.
1
Calculate the greatest common factor of 18242 and 57160004.
2606
What is the highest common f